 c(m) = -704*m - 7. Let a be c(-1). Suppose -5*v + a - 38 = 4*w, 395 = 3*v + 2*w. What is the units digit of v?
1
Let o be -4 + 2 - (-2 + 0). Suppose -4 = -2*i - o*i. Suppose 2*n - n - i = 0. What is the units digit of n?
2
What is the tens digit of (-37635)/(-12) + 33/44?
3
Let h = -21 + 23. Suppose 5*o - 28 = -h*v - 2*v, -o = 4*v - 12. Suppose f = 3*f - 5*j - 16, -2 = -2*f - v*j. What is the units digit of f?
3
Suppose -4*f + 2*f = -4. Suppose -235 = -f*t - 3*t. What is the units digit of t?
7
Let q = -41 + 25. Let l be 296/(-24)*(4 + -1). Let k = q - l. What is the tens digit of k?
2
Let h(s) = 4*s + 93. Let j be h(-23). Suppose 2*f + 2*f = 0. Suppose v - 3 - j = f. What is the units digit of v?
4
Let i(j) = -j**3 + 40*j**2 - 98*j - 157. What is the units digit of i(36)?
9
Let c(u) = 5*u - 51. Let t be c(11). Let m = 13 + 142. Suppose -t*d + m = d. What is the units digit of d?
1
Let m(y) = 9*y**2 + 11311 + y**3 - 12*y + y - 11308. Suppose 3*v + v + 40 = 0. What is the tens digit of m(v)?
1
Suppose 0 = -132*s + 124*s + 26680. What is the hundreds digit of s?
3
What is the tens digit of (41 + -42)/((-2)/802)?
0
Let v(t) be the second derivative of t**4/3 - 2*t**3 + 17*t**2/2 + 23*t. What is the hundreds digit of v(7)?
1
Let y = -26 - -17. Let w(g) = 3*g + 10. Let t be w(y). Let m = 9 - t. What is the units digit of m?
6
Let o(g) = -g**3 + 20*g**2 + 19*g - 9. Let b be o(21). Let k = 144 + b. What is the tens digit of k?
9
Suppose -212 = -2*t - 2*t. Suppose -4*a + 262 = -0*a + 2*h, 3*h = -a + t. What is the units digit of a?
8
Suppose -15888 = -18*m + 2*m. What is the hundreds digit of m?
9
Suppose 2*h - 7*a = -2*a + 23, -5*a + 4 = h. Suppose 0*m + 3*m - h = 0, 0 = 5*f - m + 28. What is the units digit of (3 - -4) + (f - -5)?
7
Let w(t) be the third derivative of -7/24*t**4 + 4*t**2 + 0 - 1/60*t**5 + 0*t + 1/6*t**3. What is the units digit of w(-6)?
7
Let j(g) = -g**3 + 4*g**2 + g - 1. Let c be j(3). Let v = c - 13. What is the tens digit of 45/v*12/(-15)?
1
Let m(i) = -3*i + 5. Let d be m(0). What is the units digit of (0 + -1)/(d/(-15))?
3
Suppose 12*k - 13*k = 10. Let u = 48 + k. What is the tens digit of u?
3
Let c(l) = l**3 - 18*l**2 - 41*l - 50. What is the hundreds digit of c(22)?
9
What is the units digit of (-3 - -70) + 24/(-6)?
3
Let q = 73 + -160. Let s = q + 89. What is the units digit of s?
2
Let q(y) be the first derivative of y**6/360 - y**5/15 - y**4/24 + 5*y**3/3 - 7. Let u(z) be the third derivative of q(z). What is the tens digit of u(11)?
3
What is the hundreds digit of 2/((-176)/846 + (-18)/(-81))?
1
Let a(y) = -106*y - 40. What is the tens digit of a(-13)?
3
Let n = 112 - 107. Suppose 0*o - n*o = -1125. What is the units digit of o?
5
Let y(h) = -115*h - 4. Let d be y(-10). Suppose 4*v - 2*a = d, 4*v = -3*a - 116 + 1257. What is the tens digit of v?
8
Let z = 428 + -383. What is the units digit of z?
5
Let k(p) be the first derivative of -p**3/3 - 8*p**2 - 10*p + 1. What is the tens digit of k(-6)?
5
Let i(b) = -4 + 9 + 20*b - 7*b - b**2. Let p be i(13). What is the tens digit of (-18)/1*(p - 6)?
1
Let i = -307 + 456. What is the tens digit of i?
4
Let a be (54/(-12))/9*92. Suppose 4*g - 5*r + 37 = 0, 12 = 5*g + 2*r + 83. Let y = g - a. What is the tens digit of y?
3
Let n be ((-1029)/6)/(1/(-2)). Suppose 11*y = 1549 + n. What is the hundreds digit of y?
1
Let f be (-2655)/(-2) + (-13)/(-26). Suppose 10*p = -358 + f. What is the tens digit of p?
9
Let j(x) = -4*x**3 + 13*x + 25. What is the hundreds digit of j(-7)?
3
Let y(l) = -l**3 + 3*l**2 - l + 1. Let d be y(2). Let r be 1/(-1) - d/3. What is the tens digit of -1 - (r + (3 - 16))?
1
Let r(t) = -t**2 - 6*t + 6. Let v(q) = 1. Let f(k) = -r(k) + 2*v(k). What is the tens digit of f(4)?
3
What is the units digit of -2*(-14)/(-7) + 89/1?
5
Let a = 48 - 7. Let d = a - 40. What is the units digit of d?
1
Let j(x) = 308*x**2 - 31*x + 61. What is the units digit of j(2)?
1
Let l = -51 + 63. Suppose -2*t - t + 121 = v, -3*t + l = 0. What is the units digit of v?
9
Let o(v) = -v**3 + v**2. Let w = 11 + -10. Let z be o(w). Suppose z = -3*s + 2*s + 25. What is the units digit of s?
5
Let p = -29 - -82. Let w = p + 11. What is the units digit of w?
4
Let t be 3 + 12/(-3) - -3. Suppose -4*i - 32 = -2*n, -n + t*n + 5*i - 30 = 0. Suppose -c + n = 3*c. What is the units digit of c?
5
Suppose 4*z - 2*l - 40 = 0, -3*z - 2*l + 32 = z. Let u(m) = m**3 - 8*m**2 + 6*m - 8. What is the hundreds digit of u(z)?
1
Let i = 0 + 6. Let b be i/((-18)/4 + 3). What is the units digit of (-4)/((-4)/(-9))*b?
6
Let i be (-5)/6*-4 + (-4)/12. Suppose -3*v + c + 0*c = -36, 30 = i*v + c. What is the units digit of v?
1
Let r(z) = 18*z**2 - 4*z - 4. Let g be r(-3). Let p be ((-24)/15)/((-4)/g). Let i = p + -39. What is the tens digit of i?
2
Let n = 2950 + -1736. What is the thousands digit of n?
1
Let p(z) be the first derivative of z**4/4 + 11*z**3/3 - 15*z**2/2 + 12*z + 32. What is the units digit of p(-12)?
8
Suppose -3443 - 1543 = -6*h. What is the units digit of h?
1
What is the tens digit of (-356)/(-6) - (-280)/(-84)?
5
What is the units digit of (2/(-3))/((-36)/7182)?
3
Suppose -13*m + 5*u - 8258 = -16*m, m = -4*u + 2741. What is the thousands digit of m?
2
Let n = 174 + 70. What is the tens digit of n?
4
Let p(v) = -v**2 - 93*v + 80. What is the units digit of p(-52)?
2
Let v = -31 - 32. What is the hundreds digit of 316 + 203/v + 4/18?
3
Suppose 3*c - 2*c + 1 = 0. Let x(r) = 22*r. Let n be x(c). Let w = -5 - n. What is the units digit of w?
7
Let k(b) be the second derivative of b**4/3 + b**2/2 - 2*b. Let j(u) = -u**3 - 8*u**2 - 7*u + 2. Let d be j(-7). What is the tens digit of k(d)?
1
Let d(o) = 4*o + 15. Let c(a) = -2*a**2 + 9. Let l be c(0). What is the tens digit of d(l)?
5
Suppose 2*k + 0*k - 32 = -4*s, 0 = 2*k - 3*s - 11. Let v be (-2 - -10)/4 - k. What is the tens digit of 90/(-21)*(1 + v)?
3
Let o be 11/3 - (-10)/(-15). Let x(j) = -4*j**2 + 6*j - j**3 - 2 + 0 + 2*j**2 - o. What is the units digit of x(-5)?
0
Let a = -66 - -68. Suppose -5*n - 258 = -2*z, 3*n = a*z - 118 - 140. What is the units digit of z?
9
Let c(x) = -21*x**2 + 16*x + 13. Let f(g) = -5*g**2 + 4*g + 3. Let o(z) = 2*c(z) - 9*f(z). What is the units digit of o(-2)?
9
Let t(r) = 20*r**3 + 4*r**2 + 5*r - 27. What is the hundreds digit of t(4)?
3
Let h be (2/(-8))/(188/48 - 4). Let s be (-30)/(-9)*(-6)/(-5). Suppose -s*b + h = -9. What is the units digit of b?
3
Let f(u) = -u**2 + 15*u - 21. Suppose -30*w + 13 = -29*w. What is the units digit of f(w)?
5
Let c = -3862 - -6781. What is the thousands digit of c?
2
Suppose -1924 + 7364 = 10*x. Suppose -5*y = 4*f - 679, -f - 2*f = 4*y - x. What is the hundreds digit of y?
1
Suppose 20*l - 10*l - 6310 = 0. What is the tens digit of l?
3
Let k(i) = -22*i - 6 - 29 - 5 + 14. What is the units digit of k(-9)?
2
Suppose 0 = -9*w + 4*w - 75. Let z = w + 18. What is the tens digit of (59/z)/(21/63)?
5
Let s(p) = -p**2 - 10*p - 5. Let i be s(-9). Suppose i*a + 151 = 443. What is the units digit of a?
3
Let r = 33 - 30. Suppose -r*j + 448 = -29. What is the hundreds digit of j?
1
Suppose -9958 = -5*p - 843. What is the hundreds digit of p?
8
Suppose -3*o - 2*o - 4 = -2*p, -3*p + 6 = 2*o. What is the tens digit of (-7 - -5)*(p + -18)?
3
Suppose -4504 = 22*d - 30*d. What is the hundreds digit of d?
5
Let v = 45 + -24. Suppose 0 = 5*q + 6 - v. Let b(t) = 7*t - 1. What is the units digit of b(q)?
0
Let h(m) = 2983*m**2 + 60*m + 60. What is the hundreds digit of h(-1)?
9
Let w(j) = j**2 + j + 4. Suppose 4*m + m = 0. Let b be w(m). Suppose p = -b*l + 3, -8 = 4*p - 4*l - 80. What is the tens digit of p?
1
Let m = 68 - -44. Suppose -x - 3*x = -m. Suppose f = x - 1. What is the units digit of f?
7
What is the hundreds digit of 4620/24*(-40)/(-14)?
5
Let w(r) = -r**3 - 2*r**2 + 6*r + 5. Let v be w(-4). Let f = 10 + v. What is the units digit of f?
3
Let p be 2/((-2296)/(-4528) - (-2)/(-4)). Let z = p - 178. What is the units digit of z?
5
Let z = -4172 - -5948. What is the tens digit of z?
7
Suppose -3*f - 3*k - 2 + 5 = 0, -f + 3*k - 3 = 0. Suppose 2*w - 16 = -g - f*g, 3*w + 132 = 5*g. What is the units digit of (-5 + g)*(2 + -1)?
9
Let r(c) = 5*c**2 - c. Let b(j) = 6*j**2 - 2*j + 1. Let l(x) = 6*b